{"id":50,"date":"2016-01-31T17:05:54","date_gmt":"2016-01-31T17:05:54","guid":{"rendered":"http:\/\/www.guggialp.ch\/?page_id=50"},"modified":"2022-12-13T23:23:16","modified_gmt":"2022-12-13T22:23:16","slug":"vorstand","status":"publish","type":"page","link":"https:\/\/www.guggialp.ch\/?page_id=50","title":{"rendered":"Vorstand"},"content":{"rendered":"<h5>Pr\u00e4sident<\/h5>\n<p>Rolf Imboden, Tiefi Mattuw\u00e4g 4, 3942 Niedergesteln, rolf.imboden(ad)valsynthese.ch<\/p>\n<h5>Vize Pr\u00e4sidentin<\/h5>\n<p>Maxine Schmid, Turtmanntalstrasse 18, 3946 Turtmann, maxinerosaschmid(ad)gmail.com<\/p>\n<h5>Schreiber<\/h5>\n<p>Bellwald Albert, Spielfluh 24, 3919 Blatten, albert.belwald(ad)ultraweb.ch<\/p>\n<h5>Kassier<\/h5>\n<p>Tanner Rinaldo, Mauerweg 2, 3283 Kallnach, info(ad)guggialp.ch<\/p>\n<h5>Sch\u00e4fervertreter<\/h5>\n<p>R\u00e4ss Bernhard, Bahnhofstrasse 3, 3940 Steg-Hohtenn,\u00a0info(ad)raess-metzgerei.<wbr \/>ch<\/p>\n<h5>Sch\u00e4fervertreter<\/h5>\n<p>Ritler Daniel, Im Ried 18, 3919 Blatten, info(ad)danis-lamm.ch<\/p>\n","protected":false},"excerpt":{"rendered":"<p>Pr\u00e4sident Rolf Imboden, Tiefi Mattuw\u00e4g 4, 3942 Niedergesteln, rolf.imboden(ad)valsynthese.ch Vize Pr\u00e4sidentin Maxine Schmid, Turtmanntalstrasse 18, 3946 Turtmann, maxinerosaschmid(ad)gmail.com Schreiber Bellwald Albert, Spielfluh 24, 3919 Blatten, albert.belwald(ad)ultraweb.ch Kassier Tanner Rinaldo, Mauerweg 2, 3283 Kallnach, info(ad)guggialp.ch Sch\u00e4fervertreter R\u00e4ss Bernhard, Bahnhofstrasse 3, 3940 Steg-Hohtenn,\u00a0info(ad)raess-metzgerei.ch Sch\u00e4fervertreter Ritler Daniel, Im Ried 18, 3919 Blatten, info(ad)danis-lamm.ch<\/p>\n","protected":false},"author":1,"featured_media":0,"parent":0,"menu_order":0,"comment_status":"closed","ping_status":"closed","template":"","meta":{"_monsterinsights_skip_tracking":false,"_monsterinsights_sitenote_active":false,"_monsterinsights_sitenote_note":"","_monsterinsights_sitenote_category":0,"ngg_post_thumbnail":0,"footnotes":""},"class_list":["post-50","page","type-page","status-publish","hentry"],"jetpack_sharing_enabled":true,"jetpack_shortlink":"https:\/\/wp.me\/P7bNL5-O","jetpack-related-posts":[],"amp_enabled":true,"_links":{"self":[{"href":"https:\/\/www.guggialp.ch\/index.php?rest_route=\/wp\/v2\/pages\/50","targetHints":{"allow":["GET"]}}],"collection":[{"href":"https:\/\/www.guggialp.ch\/index.php?rest_route=\/wp\/v2\/pages"}],"about":[{"href":"https:\/\/www.guggialp.ch\/index.php?rest_route=\/wp\/v2\/types\/page"}],"author":[{"embeddable":true,"href":"https:\/\/www.guggialp.ch\/index.php?rest_route=\/wp\/v2\/users\/1"}],"replies":[{"embeddable":true,"href":"https:\/\/www.guggialp.ch\/index.php?rest_route=%2Fwp%2Fv2%2Fcomments&post=50"}],"version-history":[{"count":10,"href":"https:\/\/www.guggialp.ch\/index.php?rest_route=\/wp\/v2\/pages\/50\/revisions"}],"predecessor-version":[{"id":1100,"href":"https:\/\/www.guggialp.ch\/index.php?rest_route=\/wp\/v2\/pages\/50\/revisions\/1100"}],"wp:attachment":[{"href":"https:\/\/www.guggialp.ch\/index.php?rest_route=%2Fwp%2Fv2%2Fmedia&parent=50"}],"curies":[{"name":"wp","href":"https:\/\/api.w.org\/{rel}","templated":true}]}}